{"id":2661,"date":"2022-10-14T19:33:19","date_gmt":"2022-10-14T19:33:19","guid":{"rendered":"https:\/\/devotion.es\/?page_id=2661"},"modified":"2026-02-06T19:29:53","modified_gmt":"2026-02-06T19:29:53","slug":"author","status":"publish","type":"page","link":"https:\/\/devotion.es\/?page_id=2661","title":{"rendered":"Founder &amp; Team Devotion"},"content":{"rendered":"\n<div class=\"wp-block-cover\" style=\"min-height:100vh;aspect-ratio:unset;\"><img loading=\"lazy\" decoding=\"async\" width=\"1014\" height=\"1134\" class=\"wp-block-cover__image-background wp-image-3046\" alt=\"\" src=\"https:\/\/devotion.es\/wp-content\/uploads\/2025\/01\/Captura-de-pantalla-2025-01-22-a-las-22.10.07.png\" data-object-fit=\"cover\" srcset=\"https:\/\/devotion.es\/wp-content\/uploads\/2025\/01\/Captura-de-pantalla-2025-01-22-a-las-22.10.07.png 1014w, https:\/\/devotion.es\/wp-content\/uploads\/2025\/01\/Captura-de-pantalla-2025-01-22-a-las-22.10.07-800x895.png 800w, https:\/\/devotion.es\/wp-content\/uploads\/2025\/01\/Captura-de-pantalla-2025-01-22-a-las-22.10.07-120x134.png 120w, https:\/\/devotion.es\/wp-content\/uploads\/2025\/01\/Captura-de-pantalla-2025-01-22-a-las-22.10.07-90x101.png 90w, https:\/\/devotion.es\/wp-content\/uploads\/2025\/01\/Captura-de-pantalla-2025-01-22-a-las-22.10.07-320x358.png 320w, https:\/\/devotion.es\/wp-content\/uploads\/2025\/01\/Captura-de-pantalla-2025-01-22-a-las-22.10.07-560x626.png 560w\" sizes=\"auto, (max-width: 1014px) 100vw, 1014px\" \/><span aria-hidden=\"true\" class=\"wp-block-cover__background has-background-dim-20 has-background-dim\" style=\"background-color:#827874\"><\/span><div class=\"wp-block-cover__inner-container is-layout-flow wp-block-cover-is-layout-flow\">\n<p class=\"has-text-align-center has-large-font-size wp-block-paragraph\"><\/p>\n\n\n\n<h2 id=\"\" class=\"wp-block-heading\"><\/h2>\n<\/div><\/div>\n\n\n\n<p class=\"has-text-align-center wp-block-paragraph\"><strong>S.M El Rey de Espa\u00f1a Felipe VI y Zulay Chuquimarca joven talento LATAM y Founder y Directora Editorial de Devotion.es  en un acto institucional y saludo oficial.<\/strong><\/p>\n\n\n\n<p class=\"has-drop-cap is-cnvs-dropcap-bordered wp-block-paragraph\">Para m\u00ed todo inici\u00f3 desde la curiosidad,indagando, y equivoc\u00e1ndome. Encontr\u00e9 lo que es mi pasi\u00f3n y vocaci\u00f3n. Comunicaci\u00f3n y MKT . Desde estoy aqu\u00ed para seguir ejerciendo mi profesi\u00f3n, nutri\u00e9ndome con experiencias y con actitud de crecer profesionalmente llevando  mi potencial a un nuevo nivel.<\/p>\n\n\n\n<p class=\"wp-block-paragraph\">Actualmente estoy con el proyecto Devotion, una revista digital, pensada para que sirva de inspiraci\u00f3n para mantenerte al d\u00eda de novedades, eventos, rrss, m\u00fasica , moda y actualidad<\/p>\n\n\n\n<p class=\"wp-block-paragraph\">Quiero darte las gracias por el tiempo que te has tomado leyendo estas l\u00edneas.&nbsp;<\/p>\n\n\n\n<p class=\"wp-block-paragraph\">&nbsp;Bienvenid@ a&nbsp;Devotion Comunity&nbsp;<\/p>\n\n\n<div class=\"cnvs-block-instagram cnvs-block-instagram-1665779109957\" ><\/div>\n\n\n<figure class=\"wp-block-gallery has-nested-images columns-default is-cropped wp-block-gallery-1 is-layout-flex wp-block-gallery-is-layout-flex\">\n<figure class=\"wp-block-image size-large\"><img loading=\"lazy\" decoding=\"async\" width=\"587\" height=\"1273\" data-id=\"3138\" src=\"https:\/\/devotion.es\/wp-content\/uploads\/2026\/01\/Screenshot_2025-10-11-14-21-02-290_com.instagram.android-edited.jpg\" alt=\"\" class=\"wp-image-3138\" srcset=\"https:\/\/devotion.es\/wp-content\/uploads\/2026\/01\/Screenshot_2025-10-11-14-21-02-290_com.instagram.android-edited.jpg 587w, https:\/\/devotion.es\/wp-content\/uploads\/2026\/01\/Screenshot_2025-10-11-14-21-02-290_com.instagram.android-edited-120x260.jpg 120w, https:\/\/devotion.es\/wp-content\/uploads\/2026\/01\/Screenshot_2025-10-11-14-21-02-290_com.instagram.android-edited-90x195.jpg 90w, https:\/\/devotion.es\/wp-content\/uploads\/2026\/01\/Screenshot_2025-10-11-14-21-02-290_com.instagram.android-edited-320x694.jpg 320w, https:\/\/devotion.es\/wp-content\/uploads\/2026\/01\/Screenshot_2025-10-11-14-21-02-290_com.instagram.android-edited-560x1214.jpg 560w\" sizes=\"auto, (max-width: 587px) 100vw, 587px\" \/><figcaption class=\"wp-element-caption\">FOUNDER devotion &amp; directora Editorial<\/figcaption><\/figure>\n<\/figure>\n\n\n\n<p class=\"wp-block-paragraph\"><\/p>\n\n\n\n<p class=\"wp-block-paragraph\"><\/p>\n","protected":false},"excerpt":{"rendered":"<p>S.M El Rey de Espa\u00f1a Felipe VI y Zulay Chuquimarca joven talento LATAM y Founder y Directora Editorial de Devotion.es en un acto institucional y saludo oficial. Para m\u00ed todo&hellip;<\/p>\n","protected":false},"author":1,"featured_media":0,"parent":0,"menu_order":0,"comment_status":"closed","ping_status":"closed","template":"","meta":{"_monsterinsights_skip_tracking":false,"_monsterinsights_sitenote_active":false,"_monsterinsights_sitenote_note":"","_monsterinsights_sitenote_category":0,"footnotes":""},"class_list":["post-2661","page","type-page","status-publish"],"aioseo_notices":[],"_links":{"self":[{"href":"https:\/\/devotion.es\/index.php?rest_route=\/wp\/v2\/pages\/2661","targetHints":{"allow":["GET"]}}],"collection":[{"href":"https:\/\/devotion.es\/index.php?rest_route=\/wp\/v2\/pages"}],"about":[{"href":"https:\/\/devotion.es\/index.php?rest_route=\/wp\/v2\/types\/page"}],"author":[{"embeddable":true,"href":"https:\/\/devotion.es\/index.php?rest_route=\/wp\/v2\/users\/1"}],"replies":[{"embeddable":true,"href":"https:\/\/devotion.es\/index.php?rest_route=%2Fwp%2Fv2%2Fcomments&post=2661"}],"version-history":[{"count":19,"href":"https:\/\/devotion.es\/index.php?rest_route=\/wp\/v2\/pages\/2661\/revisions"}],"predecessor-version":[{"id":3144,"href":"https:\/\/devotion.es\/index.php?rest_route=\/wp\/v2\/pages\/2661\/revisions\/3144"}],"wp:attachment":[{"href":"https:\/\/devotion.es\/index.php?rest_route=%2Fwp%2Fv2%2Fmedia&parent=2661"}],"curies":[{"name":"wp","href":"https:\/\/api.w.org\/{rel}","templated":true}]}}

<div class="wp-block-cover" style="min-height:100vh;aspect-ratio:unset;"><img loading="lazy" decoding="async" width="1014" height="1134" class="wp-block-cover__image-background wp-image-3046" alt="" src="https://devotion.es/wp-content/uploads/2025/01/Captura-de-pantalla-2025-01-22-a-las-22.10.07.png" data-object-fit="cover" srcset="https://devotion.es/wp-content/uploads/2025/01/Captura-de-pantalla-2025-01-22-a-las-22.10.07.png 1014w, https://devotion.es/wp-content/uploads/2025/01/Captura-de-pantalla-2025-01-22-a-las-22.10.07-800x895.png 800w, https://devotion.es/wp-content/uploads/2025/01/Captura-de-pantalla-2025-01-22-a-las-22.10.07-120x134.png 120w, https://devotion.es/wp-content/uploads/2025/01/Captura-de-pantalla-2025-01-22-a-las-22.10.07-90x101.png 90w, https://devotion.es/wp-content/uploads/2025/01/Captura-de-pantalla-2025-01-22-a-las-22.10.07-320x358.png 320w, https://devotion.es/wp-content/uploads/2025/01/Captura-de-pantalla-2025-01-22-a-las-22.10.07-560x626.png 560w" sizes="auto, (max-width: 1014px) 100vw, 1014px" /><span aria-hidden="true" class="wp-block-cover__background has-background-dim-20 has-background-dim" style="background-color:#827874"></span><div class="wp-block-cover__inner-container is-layout-flow wp-block-cover-is-layout-flow">
<p class="has-text-align-center has-large-font-size wp-block-paragraph"></p>



<h2 id="" class="wp-block-heading"></h2>
</div></div>



<p class="has-text-align-center wp-block-paragraph"><strong>S.M El Rey de España Felipe VI y Zulay Chuquimarca joven talento LATAM y Founder y Directora Editorial de Devotion.es  en un acto institucional y saludo oficial.</strong></p>



<p class="has-drop-cap is-cnvs-dropcap-bordered wp-block-paragraph">Para mí todo inició desde la curiosidad,indagando, y equivocándome. Encontré lo que es mi pasión y vocación. Comunicación y MKT . Desde estoy aquí para seguir ejerciendo mi profesión, nutriéndome con experiencias y con actitud de crecer profesionalmente llevando  mi potencial a un nuevo nivel.</p>



<p class="wp-block-paragraph">Actualmente estoy con el proyecto Devotion, una revista digital, pensada para que sirva de inspiración para mantenerte al día de novedades, eventos, rrss, música , moda y actualidad</p>



<p class="wp-block-paragraph">Quiero darte las gracias por el tiempo que te has tomado leyendo estas líneas.&nbsp;</p>



<p class="wp-block-paragraph">&nbsp;Bienvenid@ a&nbsp;Devotion Comunity&nbsp;</p>


<div class="cnvs-block-instagram cnvs-block-instagram-1665779109957" ></div>


<figure class="wp-block-gallery has-nested-images columns-default is-cropped wp-block-gallery-1 is-layout-flex wp-block-gallery-is-layout-flex">
<figure class="wp-block-image size-large"><img loading="lazy" decoding="async" width="587" height="1273" data-id="3138" src="https://devotion.es/wp-content/uploads/2026/01/Screenshot_2025-10-11-14-21-02-290_com.instagram.android-edited.jpg" alt="" class="wp-image-3138" srcset="https://devotion.es/wp-content/uploads/2026/01/Screenshot_2025-10-11-14-21-02-290_com.instagram.android-edited.jpg 587w, https://devotion.es/wp-content/uploads/2026/01/Screenshot_2025-10-11-14-21-02-290_com.instagram.android-edited-120x260.jpg 120w, https://devotion.es/wp-content/uploads/2026/01/Screenshot_2025-10-11-14-21-02-290_com.instagram.android-edited-90x195.jpg 90w, https://devotion.es/wp-content/uploads/2026/01/Screenshot_2025-10-11-14-21-02-290_com.instagram.android-edited-320x694.jpg 320w, https://devotion.es/wp-content/uploads/2026/01/Screenshot_2025-10-11-14-21-02-290_com.instagram.android-edited-560x1214.jpg 560w" sizes="auto, (max-width: 587px) 100vw, 587px" /><figcaption class="wp-element-caption">FOUNDER devotion &amp; directora Editorial</figcaption></figure>
</figure>



<p class="wp-block-paragraph"></p>



<p class="wp-block-paragraph"></p>

<p>S.M El Rey de España Felipe VI y Zulay Chuquimarca joven talento LATAM y Founder y Directora Editorial de Devotion.es en un acto institucional y saludo oficial. Para mí todo&hellip;</p>
